).
8
Let q(n) = -n**2 + 4*n + 15. Let a(y) = -y**2 - y + 3. Let z(f) = 2*a(f) - q(f). Determine z(-2).
-1
Let j(i) = 36*i - 140. Let d be j(4). Let u(w) = w**3 - 3*w**2 + 4*w. Give u(d).
32
Suppose -3*d + 3*z + 11 = -5*d, 4*d + z = 3. Suppose -d*k = -0*k - 16. Let f(y) be the third derivative of y**4/24 - 3*y**3/2 + y**2 + 123. Calculate f(k).
-1
Let a = 19 + -17. Suppose -5*k + 3*q = -a*k - 24, 0 = 5*k - q - 52. Let z(s) = -s**3 + 8 - 8*s**2 + k*s**2 - 8*s**2 + 5*s. Calculate z(-6).
14
Let q(z) = -3*z**2 - 22*z + 62. Let w(i) = 4*i**2 + 24*i - 61. Let s(b) = -6*q(b) - 5*w(b). Let y(a) be the first derivative of s(a). Give y(8).
-20
Let j(p) = 19*p**2 - 3*p + 7. Let w(x) = 5*x**2 - x + 2. Let u(i) = 6*j(i) - 22*w(i). Suppose 0 = 24*d + 498*d + 282 + 762. Determine u(d).
6
Suppose 21*b - 30 = -0*b + 6*b. Let g(k) = -3*k**3 - k**2 + 5*k - 1. Calculate g(b).
-19
Let d(o) = -o**3 + o**2 - 5. Let p(b) = 10*b**3 - 5*b**2 - 3*b + 39. Let c(z) = -9*d(z) - p(z). Determine c(-5).
16
Let g(t) = 29*t + 73786 - 74019 + 8*t. Determine g(6).
-11
Let g(w) = -33*w**3 + 2*w**2 + w - 2. Let x(k) = k**3 + 16*k**2 + 34*k + 13. Let m be x(-2). Calculate g(m).
-32
Let h(n) = -n**3 - 6*n**2 + 8*n - 5. Suppose 0 = 3*o, -5*a - 4*o = 39 - 109. Suppose -2*x = -a + 4. Suppose -3*k - 3*c = -c + 11, -45 = x*k - 2*c. Give h(k).
-12
Let v(m) = m + 4. Let f be 22 + -25 - (-8 - 0). Suppose 0 = -5*j + f*g + 50, -2*g + 22 = -2*j + 7*j. Suppose 0 = -4*n + j*n + 10. Determine v(n).
-1
Suppose -p = -5*p - 3*v + 25, 0 = -2*p - v + 11. Let g(j) = 8*j + 1 + 16 - 10*j + 0 - 7. Determine g(p).
2
Let z(t) = -5*t**2 - 10*t + 3. Suppose 0 = -325*u - 1079 - 221. Calculate z(u).
-37
Let u(a) be the first derivative of a**4/4 + 10*a**3/3 - 6*a**2 - 6*a - 6552. Give u(-11).
5
Let s(k) be the second derivative of -1/6*k**3 - k**2 - 1/12*k**4 + 8*k + 1. What is s(-2)?
-4
Let d(y) be the first derivative of y**3/3 - 13*y**2 + 56*y + 1158. Give d(23).
-13
Let v(k) = 7*k**3 - 2*k**2 - 31*k + 32. Let w be v(1). Let x(n) be the second derivative of -n**3/6 + n**2/2 - 3*n. Calculate x(w).
-5
Let u(f) = f - 2. Let b(y) = 5*y - 9. Let p(g) = -2*b(g) + 11*u(g). Let c(q) = -473*q**2 - 1419*q + 7. Let m be c(-3). Give p(m).
3
Let t(z) = -z**2 + 7 - 10*z**2 + 5*z**2 + 3*z**2 - 4*z. What is t(3)?
-32
Let g(m) = m - 5. Let k(c) = -117*c + 1076. Let l(n) = -6*g(n) + k(n). Calculate l(9).
-1
Let w(p) be the first derivative of -p**3/3 - 8*p**2 - 38*p + 946. What is w(-13)?
1
Let h(d) = 72*d + 63. Let l be h(-1). Let w(y) = -y**2 - 9*y - 6. Calculate w(l).
-6
Let x(u) = -u**3 - 14*u**2 + 17*u + 34. Let b be x(-15). Suppose -b*f - 135 = -7*f. Let i(r) = -24*r + f*r - 20*r. Give i(6).
6
Let i(n) = n**3 - 4*n**2 - 2*n + 3. Let v(j) be the first derivative of 2*j**2 + 31*j + 17. Let a be v(-17). Let g = -34 - a. Calculate i(g).
-12
Let b(n) be the first derivative of n**2/2 - 2*n + 15. Let y be b(4). Suppose -y*p - p + 6 = 0. Let r(g) = g**3 - g**2 - g + 2. What is r(p)?
4
Let p(n) = n + 14. Let q = 7095 + -7113. Calculate p(q).
-4
Let g be -8 + 11 + (-1 - 19). Let o = 10 + g. Let z(n) = 32*n + 8*n - 9 - 34*n + n**2. What is z(o)?
-2
Let g = 21620 + -21613. Let d(c) = 20*c - 125. Calculate d(g).
15
Let v(o) = -49*o + o**2 - 13 + 23*o + 31*o. Let s be v(2). Let j(t) be the first derivative of 2*t**4 - t + 2. What is j(s)?
7
Let o be (20/8)/(3/(-6)). Let b(r) be the second derivative of -r + 1/3*r**3 + 5/2*r**2 + 85. Give b(o).
-5
Suppose -2*f - 7 + 1 = 0. Let q(p) = -2*p**3 - 3*p**2 + 2*p - 7. Give q(f).
14
Suppose -98 = -3*l + 5*v, 4*v - 44 = -2*l + 2*v. Suppose -k - 7*s = -2*s + 13, s - l = 2*k. Let x(d) = d + 13. Let p be x(k). Let r(c) = c + 1. Determine r(p).
1
Let y(n) = -3 + 3*n**3 - 4*n**3 + 9*n**2 + 1 + 9*n. Suppose i + 5*b = 17 - 32, 45 = 3*i - 3*b. Give y(i).
-12
Let n be (((-12)/9)/1)/(20/(-45)). Suppose n*j + 1360 = 13*j. Let m = j + -135. Let c(f) = -f + 1. What is c(m)?
0
Let l = -15 + 9. Let k be 4/(-12) - 44/l. Let a(d) = -5*d - 7. Let q(t) = -2*t - 3. Let s(x) = k*q(x) - 3*a(x). What is s(5)?
5
Let q(g) = g**2 + 9*g. Let a(h) = h**3 + 2*h**2 + 48*h - 6. Let u(p) = a(p) - 6*q(p). Suppose -c + 0 = -5. Calculate u(c).
-11
Let g(o) = -74*o + 22 + 53*o**3 + 72*o + 59 - 51*o**3. Give g(0).
81
Let z(j) = -2*j**2 + 4 + 5*j - 3*j - 3*j. Let b(v) = v**3 + 6*v**2 - 30*v - 116. Let o = 804 + -812. Let x be b(o). Give z(x).
-24
Let l(g) = 13*g + 14*g + 14401 - 14404. What is l(2)?
51
Let d(x) = x**3 - 23*x**2 + 20*x + 47. Let w be d(22). Let m(g) be the first derivative of g**2 - g + 198. Determine m(w).
5
Let z(v) = 3*v**2 - 22*v + 5. Let k(f) = f**2 - 7*f + 2. Let c(d) = 11*k(d) - 4*z(d). Let b be ((-6)/(-16))/(-1) - 178906/(-15728). What is c(b)?
2
Let x be 4/(-18) + 166/18 + -2. Suppose 0 = x*l - 13*l + 60. Let a(f) = f**2 - 8*f + 6. What is a(l)?
26
Let i(c) = -2*c**2 - 23*c - 21. Suppose 3*s = -2*m - 35, -4*m - 15 = -4*s + 5. Let a be i(m). Let l(g) = -g**2 + 10*g - 3. What is l(a)?
6
Let y(o) = -954*o**2 + o**3 - 3 - 947*o**2 + 1908*o**2. Determine y(-6).
33
Suppose 0 = 2*a + 7 - 27. Suppose 3*d + a - 55 = 0. Suppose -7*r - 11 = n - 4*r, 5*n + d = 5*r. Let s(x) = -x**2 - 5*x + 6. Determine s(n).
6
Let l(q) = -q**3 - 15*q**2 - q - 2. Let j be ((-7)/7)/(3/15*16/48). Calculate l(j).
13
Let k(b) = -2 - 172*b - 1 + 59*b + 51*b + 64*b. What is k(6)?
9
Let a = -268 - -263. Let d(v) = -v - 7. Let s(x) be the third derivative of x**4/12 + 7*x**3/3 - 3*x**2. Let y(z) = 11*d(z) + 6*s(z). Give y(a).
2
Let s = 3 + -5. Let p(h) = -763 - 775 - 775 + h**3 - h + 2310. What is p(s)?
-9
Let n(w) = 6 + w**2 - 6. Let y = 67 - 63. Let b(j) = -j**3 - 8*j**2 + 6*j + 3. Let m(v) = y*n(v) + b(v). What is m(-5)?
-2
Let i(w) = -w**2 + w - 4. Suppose 4*h = 3*a - 83, -a + 4*a + 37 = -2*h. Let v = -20 - h. Give i(v).
-4
Suppose 10*c - 186 = -6. Let t(b) = -5*b + 24. Let a(z) = z - 6. Let x(s) = c*a(s) + 4*t(s). Determine x(-7).
2
Suppose -2*i - 7*i + 18 = 0. Let g be (-697)/(-119) + i/14. Let w(y) = y**2 - 6*y - 1. Determine w(g).
-1
Let y(z) = -10*z + 7. Let f be 11/(198/210) + -11 - (-3)/9. What is y(f)?
-3
Let m(f) = -f**3 - 8*f**2 - 8*f + 5. Let g = -11 + 13. Let c be 16/9 + g/9. Suppose -12 + 0 = c*w. What is m(w)?
-19
Let n(f) = 2*f**3 + 41*f**2 - 21*f - 3. Let i = 13487 + -13508. What is n(i)?
-3
Let j(o) be the third derivative of -1/120*o**5 + 0*o + 10*o**2 + 0*o**4 + 0 + 2/3*o**3. Let w(t) be the first derivative of j(t). Determine w(0).
0
Let y(t) = -11*t**2 + 66. Let s(a) be the first derivative of -a**3/3 + 5*a + 223. Let q(l) = -66*s(l) + 5*y(l). Calculate q(-1).
11
Let f(t) be the third derivative of -t**4/24 + 7*t**3/6 + 19*t**2. Let x(q) = -q**3 - 5*q**2 + 9*q + 6. Let s be x(-6). Let o be (48/(-20))/(s/30). Give f(o).
1
Let l(b) = -8003*b + 84 + 7989*b + 237 + 12. Give l(24).
-3
Let m(o) = 2*o**3 + 15*o**2 - 61*o - 112. Let r be m(-10). Let n(c) = -3*c**3 + 3*c**2 + 7*c + 13. Calculate n(r).
35
Let m(k) = 6*k - 2. Let c be (-1)/8 - 983/8. Let l = c + 124. Determine m(l).
4
Suppose 7 = 29*z - 27 - 169. Let u(s) = -s**2 + 23*s - 105. What is u(z)?
7
Let p(i) be the second derivative of -15*i + 1/6*i**3 + 11/2*i**2 + 0. Determine p(-9).
2
Let u = -11 + 16. Suppose 2*o + 6*j - 2*j = -10, -5*j = u*o + 5. Let c(h) = 4*h + 2*h - 4*h**2 - 4*h - 1 + o. Give c(2).
-10
Suppose 2*o - 2 = v + 5, 5*o - v - 13 = 0. Let b(n) = -7*n + n**o + 3 + 0*n**2 + 2*n - 13. Give b(6).
-4
Let k be (-1)/((2 - 0) + -1). Let i(n) be the first derivative of -9*n**4/4 + n + 4106. Calculate i(k).
10
Let h(z) = -3*z + 33 + 11*z**2 - 2*z**2 - 164*z**3 + 165*z**3 - 46. Determine h(-9).
14
Suppose -5*h = -10*h + 70. Let p(o) = -o**2 - h*o - 12*o - 6 + 32*o. Let g be 7/(-1)*(-42 - -41). Give p(g).
-13
Let m(f) be the first derivative of -f**3/3 + 5*f**2/2 - 39*f - 7645. Calculate m(6).
-45
Let q(r) = -r**2 - r + 3. Let t(k) = 4*k + 2. Let l be t(-1). Let v be (l + 4/2)/(-17 + 16). Give q(v).
3
Let d be -2*9*1/6. Let b(a) = a + 26 - 15 - 16 - 4*a. Let h(x) = 4*x + 7. Let s(q) = 7*b(q) + 5*h(q). Determine s(d).
3
Let m(j) be the third derivative of -j**6/120 - 2*j**5/15 - j**4/24 - 5*j**3/6 + 5*j**2 - 31. Let q = -5 + 6. Let g = -7 - q. Calculate m(g).
3
Suppose 97*f = 87*f + 50. Suppose -25*p - f = 20. Let q(d) = -16*d**2 + d + 2. What is q(p)?
-15
Let 